-30))/((-7)/(-118650)) - 2?
2, 3, 31
Suppose 4*t - 4*c = 43004, -t - 6*c - 1983 = -12699. List the prime factors of t.
2, 3, 199
Let j(w) = -148*w + 31. Let x = 286 + -289. List the prime factors of j(x).
5, 19
Suppose -53*u + 51*u + 442 = 0. Let w = u + 260. List the prime factors of w.
13, 37
Let z(x) = -57 + 17*x - 18*x + 17*x. List the prime factors of z(23).
311
List the prime factors of -4 - (-1235 + 2)*370/111.
2, 2053
Let f = -431 - -465. Suppose -7437 + 1555 = -f*b. List the prime factors of b.
173
Let u(r) = 67*r**2 - 48*r + 312. What are the prime factors of u(6)?
2, 3, 7, 29
Let f(u) = -6*u**2 - 8*u + 17. Let g be f(-7). Let a = 548 + g. What are the prime factors of a?
3, 109
Let c = 506 - 501. Suppose -c*n - 2456 = -7861. List the prime factors of n.
23, 47
Let c = 6209 + -1328. What are the prime factors of c?
3, 1627
Suppose 0 = -22571*y + 22592*y - 1135890. List the prime factors of y.
2, 3, 5, 601
Let v(j) = -12*j - 100 + 242 + 2*j - 114. Suppose 27 + 7 = -4*y - 2*o, 0 = 3*y - 2*o + 22. What are the prime factors of v(y)?
2, 3
Let p(z) = -3075*z - 50. What are the prime factors of p(-3)?
5, 367
Suppose x - 1949 = 2317. What are the prime factors of ((-2)/4)/((-3 + -6)/x)?
3, 79
Suppose -22*j + 129 + 157 = 0. Suppose -1920 = -2*n - j*n. List the prime factors of n.
2
Let y = 3662 - 5247. Let c = y - -3046. List the prime factors of c.
3, 487
Suppose 2*l - 15 = -l. Suppose 5*b = l*i + 3485, 5*i - 2788 = -10*b + 6*b. List the prime factors of b.
17, 41
Suppose -5*n - 2*c + 215 = 2*c, 5*n + c = 215. Let j = n + -168. Let f = j + 215. What are the prime factors of f?
2, 3, 5
Let i(y) = -12*y**2 + 22*y + 116. Let g be i(-15). Let w = -2026 - g. List the prime factors of w.
2, 3, 37
Let f = -27773 - -67450. List the prime factors of f.
11, 3607
Let u be (3 - (-22)/(-4))*(5 - -5). Let v = 25 - u. Let g = v - -259. What are the prime factors of g?
3, 103
List the prime factors of -20 + ((-7679232)/12)/(-16).
2, 19, 263
What are the prime factors of (-3)/(-33) - (30840/(-165) - -10)?
3, 59
List the prime factors of (-9)/(-2)*60/225*(-414260)/(-42).
2, 11, 269
Suppose 2*i - b - 9 = 0, 3*b - 5*b - 10 = 0. Let k be 50 + (28/(-16) - i/8). List the prime factors of (122/8)/(12/k).
61
Let d(m) = 2*m**2 - 10*m + 12. Let k be d(6). Let p be (20/k*3)/(2/(-4)). What are the prime factors of 94 + (-2)/(10/p)?
5, 19
Let h(v) = -v**2 - 15*v - 28. Let g be h(-12). Let j(i) = 2*i**3 - 18*i**2 + 17*i - 1. What are the prime factors of j(g)?
7
Suppose -225 = 11*x + 14*x. List the prime factors of (-10136)/(-32) + (-2)/(1 + x).
317
Let f(d) = 9 + 4*d**2 - 2*d - 14*d - 3. List the prime factors of f(9).
2, 3, 31
Let j(g) = -g**2 + 9*g + 2. Let h be j(9). Suppose -h*b = b - 15. Let q(y) = y**3 - 4*y**2 + y - 17. List the prime factors of q(b).
13
Let b = 2094 + -954. List the prime factors of b.
2, 3, 5, 19
Suppose 607778 = -49*l + 2321602. List the prime factors of l.
2, 1093
Let q(a) = -a**2 - 4*a + 98. Let k be q(-12). Suppose 5*f - 2493 = -k*i, i - 1248 = -8*f + 5*f. What are the prime factors of i?
3, 7, 59
Let y be ((-3)/9)/(3 - (-74)/(-24)). Suppose 4*b - y*z - 1124 = 0, -2*b - 1377 = -7*b - 2*z. What are the prime factors of b?
277
Let f be -1 + 405 - -7*(-14)/49. Let u = f + -209. What are the prime factors of u?
193
Let n = -1478 + 1041. Let x = n + 850. What are the prime factors of x?
7, 59
Let m(r) be the second derivative of -r**4/4 + 2*r**3 - 7*r**2/2 - 107*r + 2. List the prime factors of m(3).
2
Let m(p) = -p**3 + 4*p**2 + 2*p + 15. Let x be m(5). Suppose x = 5*w + w - 684. What are the prime factors of w?
2, 3, 19
Let c = -27713 + 50103. List the prime factors of c.
2, 5, 2239
Let v = -41296 + 61403. What are the prime factors of v?
20107
Let v(m) = -m**2 + 3*m + 2. Let c be v(3). Let u be -3 + 4 + 6/c. Suppose -u*x = -2*x - 80. List the prime factors of x.
2, 5
Let x(u) = 6*u**2 - 3*u + 12. Let f be 3/12 + 34/(-8). List the prime factors of x(f).
2, 3, 5
Let z = -1864 + 5231. List the prime factors of z.
7, 13, 37
Let z(y) = -y**2 - 19*y - 48. Let l be z(-11). Let s = l + -37. Suppose 4*t + k = -k + 78, 0 = s*t - k - 51. What are the prime factors of t?
2, 3
Let c = -474 + 479. Suppose 0 = l + 10*n - 14*n - 758, 3*l + c*n - 2206 = 0. List the prime factors of l.
2, 7, 53
Suppose -4*g + 42 = 2*u, u = -g - 2 + 18. Suppose -803 = u*l - 2508. List the prime factors of l.
5, 31
Suppose -70*o + 96 = -67*o. Let p be -12*(-4)/o - (-2)/4. Suppose 965 = 5*w - 5*s, p*w + 4*s - 417 + 49 = 0. List the prime factors of w.
2, 5, 19
Let o be (-5)/(-10) - (-114)/12. Suppose -o*a = -2533 - 847. List the prime factors of a.
2, 13
Let u = 26038 - 16124. List the prime factors of u.
2, 4957
Suppose 2*k - 3 + 7 = -2*v, 2*k + 10 = 0. Let c be v*(380/4)/(-5). Let l = -15 - c. What are the prime factors of l?
2, 3, 7
Let t(h) = -6*h**2 - 1 - 27*h + 0 - 8*h**2 + 16*h**2. Suppose -25*u = -290 - 160. List the prime factors of t(u).
7, 23
Let i = -208 - -460. Let z = 25 + i. What are the prime factors of z?
277
Let n(b) = -b**3 - 27*b**2 - 73*b - 29. Let w be n(-24). Let q(g) = -2*g**3 + 3*g**2 - 11*g - 1. List the prime factors of q(w).
379
Suppose -5*n + 22106 + 16134 = 2*a, 4*n - 76456 = -4*a. What are the prime factors of a?
2, 3, 5, 7, 13
Suppose -5*p - 5*g + 217865 = 0, 2*g = -4*p + 84970 + 89338. What are the prime factors of p?
3, 73, 199
Suppose 54*d - 924 = 21*d. Suppose 484 = z + 23*q - d*q, -4*q - 2315 = -5*z. List the prime factors of z.
3, 17
Let h(i) = 72*i**2 + 8*i - 21. Let a be h(5). Suppose 0 = 26*x - 43*x + a. List the prime factors of x.
107
Suppose -21*k = -22*k + 2. Let j(h) = -2*h + 6. Let g be j(k). Suppose b - 163 = -g*u, 5*b = 3*u + u - 333. What are the prime factors of u?
2, 41
Suppose j - 38 = 5*o - 26, -2*o + 5*j = 14. List the prime factors of (-41976)/(-42) - o*15/(-70).
3, 37
Suppose -5*g + 9*g = 10712. Suppose 5*d - 2*d - 3*t - 2673 = 0, 3*d - g = 2*t. List the prime factors of d/10 + 12/30.
2, 3, 5
Suppose 2*f = s + 4, s + 2*s = -4*f - 12. Suppose z - 71 - 224 = f. What are the prime factors of z?
5, 59
Suppose 2*n - g - 887 = 0, 564 + 769 = 3*n + g. Let j = n + -252. List the prime factors of j.
2, 3
Let q(a) = -77*a - 260. List the prime factors of q(-39).
13, 211
Let j = -1162 + 5432. List the prime factors of j.
2, 5, 7, 61
Let p = -182 + 998. Let b = p - 580. List the prime factors of b.
2, 59
Suppose -2*j = -t + 7256, 3*t + 0*j + 3*j - 21732 = 0. What are the prime factors of t?
2, 3, 151
Let t(x) = -1472*x**3 - 7*x**2 - 20*x + 6. What are the prime factors of t(-4)?
2, 3, 11, 1427
Let n(k) = 36*k + 7. Let u be n(6). Let z = 628 - u. List the prime factors of z.
3, 5
Suppose -674325 = -183*c + 669887 + 2612065. What are the prime factors of c?
13, 1663
Suppose 3*h + 20357 = 3*b - 29932, -4*h = -3*b + 50282. What are the prime factors of b?
2, 3, 5, 13, 43
Let o(y) = 7*y**3 + 6*y**2 - 15*y - 31. Let l(v) = -8*v**3 - 7*v**2 + 14*v + 30. Let w(c) = -5*l(c) - 6*o(c). List the prime factors of w(-9).
3, 137
Let n(s) = -s + 6. Let p be n(10). Let k(w) = -131*w + 10. Let z(a) = -64*a + 6. Let y(c) = -2*k(c) + 5*z(c). List the prime factors of y(p).
2, 11
Let p(k) = 60*k + 198. Let w(r) = -r - 5. Let c(z) = -p(z) + 2*w(z). List the prime factors of c(-16).
2, 7
Let l be 2 + 46/7 + 8/(-14). Suppose l*n - 387 = 2605. What are the prime factors of n?
2, 11, 17
Let t(w) = -w**2 - 9*w - 18. Let x be t(-4). Let k be 6/(5/x + -1). Suppose 2*p = -p + y + 199, k*y + 16 = 0. What are the prime factors of p?
5, 13
Suppose 5*u + 0*c - c = -771, -3*c = u + 151. Let a = -86 - u. List the prime factors of a.
2, 17
Let f be (0 - 0) + -6 - 20. Let x = 127 - f. What are the prime factors of x?
3, 17
Suppose 0 = 5*n - n + 2*p - 350, 0 = 4*n + 3*p - 355. Suppose 26*c - 1749 + n = 0. What are the prime factors of c?
2
Suppose 0*k + 3*k - 4*a - 34 = 0, -4*k = 5*a - 66. Suppose 3*m + 3*z - 2403 = 0, z + 3975 = k*m - 9*m. What are the prime factors of m?
2, 199
Suppose 6*d + 10 = 16. List the prime factors of (2 - 1/d) + 65.
2, 3, 11
Let p(o) be the third derivative of -o**5/20 - 3*o**4/4 - 17*o**3/6 + 51*o**2. Let t be p(-11). Let d = 95 - t. List the prime factors of d.
277
Let d(l) = -l**2 - 28*l - 181. Let z be d(-13). What are the prime factors 